?
False
Is 2136079097 a composite number?
False
Is 1178979547 a prime number?
False
Is 3785962757 a prime number?
False
Is 11480237 composite?
True
Is 5312253367 a prime number?
True
Is 793928341 prime?
False
Is 94567856871 a composite number?
True
Is 1709368027 prime?
False
Is 43986394637 a prime number?
True
Is 2414483179 a prime number?
True
Is 1436988853 a composite number?
False
Is 10038261965 a composite number?
True
Is 1851351209 composite?
True
Is 3125343917 prime?
True
Is 4701251231 composite?
False
Is 5311833157 a composite number?
False
Is 929004047 prime?
True
Is 2831861677 a composite number?
True
Is 95014390089 composite?
True
Is 2452076507 composite?
False
Is 1172850181 a prime number?
False
Is 1152908651 a composite number?
True
Is 8702912743 a composite number?
True
Is 80007079 a prime number?
False
Is 41783347063 composite?
False
Is 105692479 prime?
True
Is 49393721149 a prime number?
True
Is 1273278649 a composite number?
False
Is 993551029 a composite number?
True
Is 13996891283 prime?
False
Is 7858993201 a composite number?
True
Is 760468957 composite?
False
Is 118992941 a composite number?
False
Is 2006291017 composite?
False
Is 24835911985 a prime number?
False
Is 160401674473 a composite number?
False
Is 6206587 composite?
True
Is 52774460873 a composite number?
True
Is 1098058331 a composite number?
True
Is 50669035747 a composite number?
True
Is 8536131259 a composite number?
False
Is 11680902049 a composite number?
False
Is 19396703 prime?
False
Is 41172749411 a prime number?
True
Is 164523301 a prime number?
False
Is 2404752617 a prime number?
True
Is 4337322173 prime?
False
Is 109807237 a composite number?
True
Is 1799415703 a prime number?
True
Is 11390317217 a prime number?
False
Is 208975913 a composite number?
True
Is 336446676071 a composite number?
True
Is 220358999 prime?
False
Is 1271649541 prime?
False
Is 912023306 prime?
False
Is 42582893669 a composite number?
False
Is 44625383227 a prime number?
True
Is 222569129 prime?
True
Is 47502824507 composite?
True
Is 14425247 a prime number?
True
Is 102942216863 a composite number?
True
Is 16105423139 prime?
False
Is 141284603 a composite number?
True
Is 2304486167 a prime number?
False
Is 133490019203 a prime number?
True
Is 14779883987 a composite number?
True
Is 2804516653 prime?
True
Is 153607079 composite?
False
Is 364643831 a prime number?
True
Is 15056061623 a composite number?
False
Is 6723249739 a composite number?
False
Is 8244504673 a composite number?
False
Is 2349495913 a composite number?
True
Is 241253797 a prime number?
False
Is 52350832799 a prime number?
False
Is 116542374847 a prime number?
True
Is 11855719023 composite?
True
Is 1792672669 prime?
False
Is 5341303213 prime?
True
Is 112896769 a composite number?
False
Is 4041400093 composite?
False
Is 41231982661 prime?
False
Is 10571430571 a composite number?
True
Is 2201645701 prime?
False
Is 141789045799 prime?
False
Is 16236682457 a composite number?
False
Is 19691711761 a composite number?
False
Is 8000944466 a prime number?
False
Is 924433579 a composite number?
True
Is 28023073103 prime?
False
Is 69516569 a composite number?
False
Is 1055743931 a composite number?
True
Is 1168441661 a prime number?
True
Is 257701250542 a composite number?
True
Is 7235482145 a prime number?
False
Is 19024889171 a composite number?
True
Is 6497614049 a composite number?
False
Is 4574544103 a prime number?
True
Is 870443839 prime?
True
Is 1826447263 a composite number?
False
Is 42937188373 prime?
True
Is 20020593287 prime?
True
Is 161619601139 a composite number?
False
Is 665352217 prime?
False
Is 2777632747 a prime number?
False
Is 25544807293 a prime number?
True
Is 171628470943 composite?
True
Is 23262419471 composite?
False
Is 466354181 prime?
False
Is 2336446529 a composite number?
False
Is 5630659781 prime?
True
Is 2068505027 a prime number?
True
Is 58792791 a prime number?
False
Is 66261654313 a prime number?
True
Is 3154163473 a composite number?
True
Is 20699465159 composite?
False
Is 28279460119 a composite number?
True
Is 8353269011 composite?
True
Is 4415051757 composite?
True
Is 100712218757 composite?
False
Is 89606456435 a prime number?
False
Is 3024363959 a prime number?
False
Is 101300971 a prime number?
True
Is 29550402493 a composite number?
False
Is 6039925897 a prime number?
True
Is 25703735333 prime?
True
Is 199266143 prime?
True
Is 4626868643 prime?
True
Is 26520251 prime?
True
Is 17211377903 a prime number?
False
Is 96655083347 composite?
False
Is 1047857246 a composite number?
True
Is 2116002107 composite?
True
Is 8587809313 a composite number?
True
Is 2143934561 prime?
False
Is 346498391 prime?
False
Is 12604762477 composite?
True
Is 623131685917 composite?
True
Is 5905975433 a prime number?
False
Is 7497431627 a prime number?
False
Is 1297258129 composite?
True
Is 57195535357 a prime number?
True
Is 632065559 prime?
False
Is 90104702723 a prime number?
False
Is 27309234835 composite?
True
Is 826800899 composite?
True
Is 5665285697 a composite number?
False
Is 5092785031 composite?
False
Is 5949033223 composite?
True
Is 38895503 a prime number?
False
Is 217148861 prime?
True
Is 236355301393 a prime number?
True
Is 184721631239 prime?
True
Is 27886493959 a prime number?
True
Is 106292653 prime?
False
Is 198976951 a composite number?
True
Is 26982601067 prime?
True
Is 1349772703 a prime number?
False
Is 2344281013 prime?
False
Is 299928493 a composite number?
True
Is 7265785237 prime?
False
Is 21930590329 prime?
True
Is 79150485731 composite?
True
Is 1641348607 a composite number?
False
Is 37521333599 a composite number?
True
Is 347396809 a prime number?
False
Is 60256246493 a prime number?
True
Is 57799593689 prime?
True
Is 17016647189 prime?
True
Is 25935844993 prime?
True
Is 4149677758 composite?
True
Is 6151497421 a composite number?
False
Is 223676819 a composite number?
False
Is 35310282379 prime?
False
Is 407319379 a prime number?
False
Is 845929429 a prime number?
False
Is 7971985361 composite?
True
Is 182685163 a prime number?
False
Is 665487209 prime?
True
Is 8061936109 a prime number?
False
Is 12482343871 composite?
True
Is 331020658 composite?
True
Is 94255032683 a composite number?
True
Is 1308542923 composite?
False
Is 276261523 composite?
False
Is 1314595841 a composite number?
True
Is 617959939 prime?
True
Is 3187467557 a prime number?
False
Is 740545423 a prime number?
True
Is 223154651 a prime number?
False
Is 1472454103 prime?
False
Is 78831477821 a composite number?
True
Is 1682465693 prime?
False
Is 435665365 prime?
False
Is 2996101789 composite?
False
Is 102032947 composite?
True
Is 1915189197 a composite number?
True
Is 227933894 a prime number?
False
Is 13780836931 prime?
True
Is 17951490763 a prime number?
True
Is 24381191 a prime number?
False
Is 3627850537 a prime number?
False
Is 4971466519 prime?
False
Is 8650161983 prime?
True
Is 7369272947 composite?
False
Is 32600544133 a composite number?
False
Is 546471623 a composite number?
False
Is 6504279953 a composite number?
True
Is 43135061711 a composite number?
True
Is 59774432933 composite?
False
Is 1025199349 a prime number?
False
Is 415418819 prime?
True
Is 2284739789 a prime number?
True
Is 12116487193 composite?
True
Is 244856428649 a composite number?
True
Is 12725681261 prime?
True
Is 37378884581 a prime number?
False
Is 136364861 prime?
False
Is 6399866377 a prime number?
True
Is 5034865919 a prime number?
True
Is 5734547867 a prime number?
True
Is 395749217 a composite number?
False
Is 15740916667 a composite number?
True
Is 10886771501 composite?
False
Is 521266103 prime?
True
Is 44141897 a composite number?
True
Is 13880306599 prime?
True
Is 159186197 composite?
True
Is 537628701 a prime number?
False
Is 1420127039 prime?
False
Is 2437210163 a composite number?
False
Is 3181517099 a composite number?
False
Is 42180469597 prime?
False
Is 10776157811 a prime number?
True
Is 1146481067 a prime number?
True
Is 3997628891 prime?
True
Is 48925740707 a prime number?
False
Is 124471563179 a prime number?
True
Is 5500218289 a prime number?
True
Is 63421313 composite?
True
Is 170773427 composite?
True
Is 29559020399 a prime number?
True
Is 8851611805 a prime number?
False
Is 612561743 prime?
True
Is 34